is divided by g?
11
Let i be (4/(-10))/((-12)/(-120)). Let n be (i/14)/(6/(-42)). Suppose n*p = -4*p + 126. Calculate the remainder when p is divided by 6.
3
Let b be ((-27)/(-6))/((-3)/(-12)*2). Suppose -5*d = -b*d + 2*l + 416, 3*l + 6 = 0. What is the remainder when d is divided by 13?
12
Suppose 14*n = 6*n + 160. What is the remainder when n is divided by (6/(-8))/((-582)/(-120) + -5)?
0
Suppose -4*s = -8, -n - 29*s + 26*s + 427 = 0. Calculate the remainder when n is divided by 127.
40
Suppose y - 27 = -1. Let f = y - 30. Calculate the remainder when 10 is divided by (64/(-4))/f - 1.
1
Suppose 3*x - 73 = -5*w, 29 = 2*w + 5*x - 4*x. Calculate the remainder when 337 is divided by (0 + -40)*(-7)/w.
17
Let t(u) = 7*u + 3. Suppose -49 = -2*b - 5*j, 0 = 5*b + 11*j - 15*j - 106. Calculate the remainder when t(5) is divided by b.
16
Suppose -w - 6*y + 1265 = -y, 2*w - 3*y = 2530. Suppose 14*p - w = 849. What is the remainder when p is divided by 53?
45
Let c = 37303 + -36206. Calculate the remainder when c is divided by 279.
260
Let l = -6825 + 7207. What is the remainder when l is divided by 40?
22
Let b = 0 + 51. What is the remainder when 150 is divided by b?
48
Suppose -1313*a + 1420*a = 23112. Calculate the remainder when 652 is divided by a.
4
Suppose -333*t + 325*t - 160 = 0. Let b(s) = -13*s + 255. Calculate the remainder when b(t) is divided by 43.
42
Suppose 1427 + 1054 = 83*b + 489. What is the remainder when 1315 is divided by b?
19
What is the remainder when 4450 is divided by 28 - 532/(-28) - (0 - 6*1)?
51
Suppose -5*x - 6*p + 15 = -2*p, -x + 19 = 4*p. Suppose 4*r - 3*r + 15 = 0. What is the remainder when 59 is divided by (-4)/((-3)/r*x)?
19
Suppose 3*x - 3*t = 6*x - 2148, 0 = -6*t + 30. Calculate the remainder when x is divided by 35.
11
Calculate the remainder when 4811 is divided by 84/(-24)*4 + 180.
163
Let x be 222/14 - 35/(-245). Suppose -x*f = 6*f - 1870. Calculate the remainder when 507 is divided by f.
82
Let w(z) = -11 - 3*z + 3 + 18. What is the remainder when (-1806)/(-24) - 3/(4 + 8) is divided by w(-3)?
18
Suppose 71 = -4*q - 21. Calculate the remainder when 140 is divided by -1 + 6 + (q - -26).
4
Suppose 2*z - 24 = -2*z. Calculate the remainder when z is divided by 11 - 0 - (-5 + 13).
0
Let j be (-2)/(-14) - (-462)/(-147). What is the remainder when (-408)/(-4)*(-1)/j is divided by 9?
7
Let g = 4 + 17. Suppose -l - 5*v - 63 = 2*l, l + 31 = -5*v. Let a(x) = -2*x + 30. What is the remainder when a(l) is divided by g?
20
Let d = 3 - 1. Let k = -2169 - -2193. Suppose k = d*t + 8. What is the remainder when 71 is divided by t?
7
Let q(d) = -107*d + 1410. What is the remainder when q(-28) is divided by 38?
36
Let r(u) = 14*u**3 - 3*u**2 - 2*u + 3. Let l be r(1). What is the remainder when 478 is divided by (l/9)/(18/270)?
18
Suppose 4*v = -0*v + 3*u + 17, -3*v = -5*u - 21. What is the remainder when (0 + 2)/(v/(5 - -5)) is divided by 3?
1
Let q = -31 + 30. Let l = q - -22. Let x(g) = g**3 - 8*g**2 - 10*g + 13. What is the remainder when l is divided by x(9)?
1
Let c(l) = l**3 + 10*l**2 + 12*l + 20. Let v be c(-9). Calculate the remainder when 16 is divided by 25/v + 3 - 324/(-28).
5
Let k = -205 - -450. Let t = 302 - k. Calculate the remainder when t is divided by 12.
9
Let l be 0 + -6 + (-68 - -76). Suppose -97 = -4*i - v - l*v, 4*i = -2*v + 102. What is the remainder when 89 is divided by i?
5
Let b be 198/(-4 - (-58)/16). Let f = b + 555. Calculate the remainder when f is divided by 1/(-1) + 1 + 16.
11
Suppose g - 5*g + 768 = 4*x, -2 = x. Let y = -105 + g. Calculate the remainder when y is divided by 15.
14
Suppose 3*i - 11 = -5*q, -3*q - 3*i = -5*i + 1. Calculate the remainder when 108 is divided by 104/(q - -7) - 3.
8
Let l = 53 + -89. Let z = l - -63. What is the remainder when ((-59)/(-5) - (-664)/166)/((-2)/(-10)) is divided by z?
25
Let d = -105 - -346. Suppose 3*p - n = 142, -211 = -4*p - 12*n + 9*n. Calculate the remainder when d is divided by p.
45
Let j be (-2)/(-5) + 1749/15 + (8 - 2). Let v be 2*(-5)/(-2) + 1. Suppose -v*q + j = -9. Calculate the remainder when 64 is divided by q.
20
Let a(o) = 50*o**2 + o - 1. Let d = -8 + 9. Calculate the remainder when 0 + 195 + 9 + -7 + (-4)/(-2) is divided by a(d).
49
Suppose 6*i + 0*i = 342. Let p = 70 - i. What is the remainder when p is divided by 7?
6
Let p be ((2 + 0)*-139)/(-2). Suppose 1732*d = 1743*d + 913. Let s = p + d. Calculate the remainder when s is divided by 15.
11
Suppose 6*s - 9*s + 423 = 0. Let a(t) = 6*t + 16. Let m be a(-9). Let v = 62 + m. What is the remainder when s is divided by v?
21
Let b be (29/87)/((-1)/(-51)). Suppose -648 = 9*j - b*j. What is the remainder when j is divided by 31?
19
Let a(w) = 12*w - 41. What is the remainder when 894 is divided by a(4)?
5
Suppose o + 275 = 6*o. Suppose -2*j - q = -j + 6, 0 = 5*j + 2*q + 33. What is the remainder when o is divided by (-1)/((-2)/(0 - 4))*j?
13
Calculate the remainder when (-153088)/(-272) - 81/(-459) is divided by 161.
80
Let l(q) = 6*q + 4. Let h be l(-6). Let b be (42 - 1) + 0/(-22 - -8). Let v = h + b. What is the remainder when 50 is divided by v?
5
Let m(u) = 7*u + 17. Let x be m(-3). Let h be -4 - ((-234)/(-2) + x). Let w = h + 180. What is the remainder when w is divided by 16?
15
Calculate the remainder when 355 is divided by (-14 - 868/(-63))*-180.
35
Let c be (56/(-48))/((-1)/9)*6. Suppose v - 5*x + c = 4*v, 0 = -3*x - 9. Calculate the remainder when 43 is divided by v.
17
Let c = -1994 - -3726. Suppose -3*b = 12, -3*x + c = -x + b. Suppose -5*q + x = u, 2*q + u + 343 = 4*q. What is the remainder when q is divided by 35?
33
Suppose 0 = 2*c + 3*x - 40, -4*c - 7*x + 23 = -61. What is the remainder when c is divided by (-2)/(-1 - 15/(-25))?
4
Suppose 11*i + 2*c + 46 = 15*i, -5*i - 4*c = -25. Let y(l) = -2*l**3 - 2*l**2 - 4*l - 3. What is the remainder when y(-2) is divided by i?
4
Suppose -6*l + 2332 = 1636. Let p = -18 - -29. Suppose l = p*o - 610. What is the remainder when o is divided by 23?
20
Let c be (175/(-14))/(3/(-6)). Suppose 40 = 17*p - 12*p. Suppose 3*h + c = p*h. What is the remainder when h is divided by 5?
0
Suppose -3*q - 9779 = -2*n, 1129*q - 1126*q = 15. Calculate the remainder when n is divided by 14.
11
Let u = -149 - -186. Suppose u*m - 11*m - 2678 = 0. Calculate the remainder when m is divided by 15.
13
Let j be 1150/12 - (-3)/18. Suppose 4*k = 18*k - 126. Suppose k = 5*y - j. What is the remainder when 61 is divided by y?
19
Suppose 5*s + 9*s = 4732. What is the remainder when s is divided by 10?
8
Let s(f) = 4*f**3 - 6*f**2 - 30*f - 17. Calculate the remainder when s(6) is divided by 252.
199
Let l = 6148 - 6147. Suppose 0 = -5*d + 20, 0*n + d - 16 = -2*n. Suppose -x = -n + l. Calculate the remainder when 23 is divided by x.
3
Let f = -5072 - -5230. What is the remainder when 164 is divided by f?
6
Suppose 2*a + 2 = 0, -4*r - 3*a + 4 = a. Suppose -384 = -2*f - r*t, -t - 928 = -5*f + 2*t. Calculate the remainder when f is divided by 7.
6
Let v = 1825 - 884. Suppose -v - 364 = -15*o. Suppose -82 + 28 = -3*w. Calculate the remainder when o is divided by w.
15
Suppose 2*g - a - 31 = 0, -43 - 52 = -5*g - a. Suppose 0 = 3*c - 6 - g. Calculate the remainder when (-4)/c + 102/4 is divided by 9.
7
Suppose -25916 = -21*r + 7*r - 17*r. What is the remainder when r is divided by 134?
32
Suppose -23*l + 20*l - 14 = -5*p, -3*p + 4 = -4*l. Calculate the remainder when 570 is divided by p.
2
Suppose -4*h - f = -2*f - 18, 0 = -2*h - 5*f - 2. Suppose 450 = 5*y + h*j - 7*j, -y + 92 = -j. What is the remainder when y is divided by 103/7 - 4/(-14)?
12
Let u = -88 + 88. Suppose -4*w + 5*w - 1 = u. Calculate the remainder when 110 is divided by 2 + 0 - (-55 + w).
54
Suppose 2*p - 72 = -p - b, 3*b + 134 = 5*p. What is the remainder when (1200/45)/(2/(-144)*-20) is divided by p?
21
Suppose -1689 - 888 = -13*b - 796. Let s(x) = 41*x. What is the remainder when b is divided by s(1)?
14
Suppose -54 = -7*u + 4*u. Let q(p) = -12*p + 4*p + 93 - 5*p - 16*p + p**2 + 56. What is the remainder when u is divided by q(23)?
7
Let x = -2674 + 3513. What is the remainder when x is divided by 94?
87
Let g = 6277 - 6272. What is the remainder when 1179 is divided by g?
4
Let m(o) = 18*o**2 - 7*o 